1b7a1
In base 15, what is 2b - -176e?
179a
In base 2, what is 101010001000011010111010 + 111110?
101010001000011011111000
In base 8, what is -43527 - -307?
-43220
In base 11, what is 2 - 2499957?
-2499955
In base 9, what is 2406 + -48258?
-45752
In base 13, what is -b408 + -468?
-b873
In base 10, what is -7856987 - -5?
-7856982
In base 16, what is 2f6 - -3edd?
41d3
In base 11, what is -138a9a + 2a?
-138a70
In base 16, what is cd - 47ec?
-471f
In base 7, what is -10432 - 12625?
-23360
In base 11, what is -5a23 + 913?
-5110
In base 4, what is 301 - -2220110333?
2220111300
In base 2, what is -10 - -10010000111011110110110?
10010000111011110110100
In base 10, what is 5 - 126780610?
-126780605
In base 11, what is -4 + -2030828?
-2030831
In base 13, what is -11 + 9b5322?
9b5311
In base 16, what is -657 + -9e6a?
-a4c1
In base 9, what is -6072 - -613?
-5358
In base 9, what is 1556682 + 10?
1556702
In base 9, what is 26411462 + -23?
26411438
In base 6, what is 1300530530 + 2?
1300530532
In base 6, what is 121 - 155152032?
-155151511
In base 2, what is -1001100101011100 - -10001100?
-1001100011010000
In base 13, what is 1364aa3 - 2?
1364aa1
In base 16, what is 4 - -d0283?
d0287
In base 8, what is -202476035 + 3?
-202476032
In base 11, what is -1 - -36a6627?
36a6626
In base 5, what is -1310324121420 - -10?
-1310324121410
In base 7, what is -4536 - -21533?
13664
In base 16, what is -c + -7e9f7b?
-7e9f87
In base 11, what is 2859 - -712?
3470
In base 4, what is 131321 - 202100102?
-201302121
In base 13, what is 11 - 2235ab?
-22359a
In base 10, what is 3738 - -2612?
6350
In base 10, what is -13816 - -167?
-13649
In base 4, what is -2122 + 3032312000?
3032303212
In base 4, what is -103113 + 13312203?
13203030
In base 15, what is 219063 + -49?
219019
In base 4, what is 2 + 101331121101?
101331121103
In base 9, what is 2765 + -306?
2458
In base 4, what is 1012 + -2002323200?
-2002322122
In base 12, what is -3 - -1738764?
1738761
In base 14, what is -b0307c - 2?
-b03080
In base 11, what is -386 - 25668?
-25a43
In base 10, what is -37 - -199104?
199067
In base 6, what is 53220 + -101100?
-3440
In base 13, what is -2a + 2082153?
2082126
In base 7, what is -24 + -306504032?
-306504056
In base 7, what is -161135 + -225?
-161363
In base 12, what is 8175a487 - 4?
8175a483
In base 7, what is 52000146 + -3?
52000143
In base 3, what is 1102 + 1110121020?
1110122122
In base 5, what is -1 + -10044011021?
-10044011022
In base 9, what is 633 + 718886?
720630
In base 7, what is 41311 + -5665?
32313
In base 11, what is -4a4226 - -63?
-4a4173
In base 6, what is 301140 - -315?
301455
In base 10, what is -84512 + 7812?
-76700
In base 7, what is -11225562 + 0?
-11225562
In base 10, what is -11 - 20776600?
-20776611
In base 9, what is -157 + 528525?
528357
In base 14, what is b12 + -1710?
-9dc
In base 8, what is -2 + 12274663?
12274661
In base 10, what is 406 + -13249?
-12843
In base 5, what is -2 + -34222100432?
-34222100434
In base 15, what is 46490 + 2cc?
4676c
In base 7, what is -346420422 - 0?
-346420422
In base 5, what is -33 + -102441240?
-102441323
In base 6, what is -1300 + 23321125?
23315425
In base 16, what is -40 - 51f78?
-51fb8
In base 10, what is -581 - -12147?
11566
In base 5, what is 112023302 - 230?
112023022
In base 11, what is -7 - -20137130?
20137124
In base 9, what is 53601507 - 1?
53601506
In base 5, what is -4030020430120 - 2?
-4030020430122
In base 13, what is -28143b5a - -4?
-28143b56
In base 6, what is -2432 + 135155?
132323
In base 14, what is 2609 + 660?
2c69
In base 16, what is be169 + -7?
be162
In base 8, what is -1 - -1624662125?
1624662124
In base 15, what is -1 - -5d35433?
5d35432
In base 6, what is -520 + 23432031?
23431111
In base 3, what is 10021111002 + 2120?
10021120122
In base 13, what is 3 - -15901526?
15901529
In base 9, what is 471561 - 480?
471071
In base 14, what is -c3 - -724?
641
In base 12, what is 6 - 35115?
-3510b
In base 7, what is 610125310 - 2?
610125305
In base 8, what is 1 + 137521352?
137521353
In base 2, what is 0 - -1100111001101010010111101?
1100111001101010010111101
In base 16, what is -27152aa + 3?
-27152a7
In base 4, what is -3 - 2012222031?
-2012222100
In base 5, what is -124211432111 - -1?
-124211432110
In base 11, what is -1 - 14058868?
-14058869
In base 6, what is -5 + -2530114001?
-2530114010
In base 3, what is -11002 - 2212101001?
-2212112010
In base 3, what is 1001000220002 + -2?
1001000220000
In base 5, what is -430034211234 + -10?
-430034211244
In base 5, what is -3423413102 - -3?
-3423413044
In base 4, what is -2112 + 1203301?
1201123
In base 8, what is 4544 - -3026?
7572
In base 10, what is 9 - 262212?
-262203
In base 14, what is -1d5784c - -4?
-1d57848
In base 5, what is 104320122424 - -1?
104320122430
In base 15, what is 4830c + 43e?
4874b
In base 16, what is 501 - 3ff1?
-3af0
In base 4, what is -3311112113 + 22330?
-3311023123
In base 8, what is 211 - -176017?
176230
In base 16, what is 33ea9c5 + -3?
33ea9c2
In base 2, what is -10100111 - -10110100101111001011001?
10110100101110110110010
In base 7, what is 10 - 4463002?
-4462662
In base 10, what is -613610 + 3?
-613607
In base 12, what is 2b7 - -235a15?
236110
In base 2, what is -111110001101000111100 - 1000?
-111110001101001000100
In base 13, what is 1a9c + 2c3?
2092
In base 5, what is 10 - -41134224444?
41134230004
In base 11, what is 1731843 - 4?
173183a
In base 10, what is -1 + 3590252?
3590251
In base 10, what is -695 - -60305?
59610
In base 16, what is -13a9edc0 + -1?
-13a9edc1
In base 9, what is -10700730 + 7?
-10700722
In base 9, what is 38483237 + 5?
38483243
In base 3, what is -112 + -22211221022102?
-22211221022221
In base 2, what is 100010 + 11001010011111001000?
11001010011111101010
In base 11, what is -644 + 17a71?
17428
In base 8, what is 211424 - 427?
210775
In base 3, what is -10 + 101200022122?
101200022112
In base 3, what is -2020211221 - 1022?
-2020220020
In base 10, what is -13 + -41248?
-41261
In base 3, what is 10010112201202 + -1?
10010112201201
In base 11, what is 0 + -13672481?
-13672481
In base 5, what is -442340 - -2041?
-440244
In base 10, what is -29569 - 73?
-29642
In base 14, what is -1606b01 - 2?
-1606b03
In base 9, what is 6111336561 + 1?
6111336562
In base 4, what is 3220030022212 - -11?
3220030022223
In base 12, what is 5995 + 765?
653a
In base 13, what is 141a8 - -45c?
14637
In base 2, what is -10001110100110 + 101101010000?
-1100001010110
In base 14, what is 82 + 2a9d6?
2aa78
In base 2, what is -101111101010111101110 + -101?
-101111101010111110011
In base 15, what is -15257 - -15ce?
-13b78
In base 5, what is 4133 + 3001300?
3010433
In base 2, what is -10010001 + -110000101100001010000?
-110000101100011100001
In base 6, what is -4343 + 135350?
131003
In base 9, what is 8617334 - 113?
8617221
In base 11, what is 3a8 + 978a?
a087
In base 15, what is 3 + b5de42?
b5de45
In base 11, what is -1a599 + -533?
-20021
In base 16, what is -4abe - -7600?
2b42
In base 11, what is -141a + 1a320?
18a01
In base 12, what is 611 + 3268?
3879
In base 9, what is 2265 + 1052?
3327
In base 7, what is -6453422 - 2?
-6453424
In base 16, what is 14b2c + -91?
14a9b
In base 13, what is -22b06a - -2?
-22b068
In base 3, what is -2100 - -2202212000?
2202202200
In base 14, what is 11 + 2646084?
2646095
In base 6, what is 1241 + 3113553?
3115234
In base 13, what is 424 + -702?
-2ab
In base 10, what is 0 + -1591256?
-1591256
In base 6, what is -42205 + -15544?
-102153
In base 4, what is 11 - 21031133013?
-21031133002
In base 10, what is -3 + -32297251?
-32297254
In base 11, what is 3 - -598a53?
598a56
In base 7, what is -22412561 + 16?
-22412542
In base 12, what is -18121 + 189?
-17b54
In base 2, what is -1001110101001011 - 110001001?
-1001111011010100
In base 11, what is 31 - -a6930?
a6961
In base 7, what is -1 - 25430541?
-25430542
In base 10, what is 5 + -2435703?
-2435698
In base 7, what is -2323006500 + 5?
-2323006462
In base 5, what is -3 - 443110222?
-443110230
In base 15, what is 49111a16 - -4?
49111a1a
In base 14, what is -1 - 15d6a5?
-15d6a6
In base 4, what is -21122132 - -1303232?
-13212300
In base 15, what is -ee812 + -a4?
-ee8b6
In base 6, what is -2001 + -22432521?
-22434522
In base 6, what is 33352545213 + 2?
33352545215
In base 8, wha